{"id":1058,"date":"2014-10-01T09:51:40","date_gmt":"2014-10-01T07:51:40","guid":{"rendered":"https:\/\/www.ireas.cz\/?post_type=projekty&#038;p=1058"},"modified":"2023-01-31T10:46:48","modified_gmt":"2023-01-31T09:46:48","slug":"practical-teaching-focus-on-development-of-pupils-competencies","status":"publish","type":"projekty","link":"https:\/\/www.ireas.cz\/en\/projekty\/practical-teaching-focus-on-development-of-pupils-competencies\/","title":{"rendered":"Practical teaching \u2013 focus on development of pupils\u2019 competencies"},"content":{"rendered":"<p><strong>The project Practical Teaching \u2013 Focus on Development of Pupils\u2019 Competencies focused on the integration and strengthening of forms of practical teaching of pupils at cooperating secondary schools. The aim of the project was to develop key and professional competences, entrepreneurial literacy as well as pupils\u2019 personal and social development of by supporting practical teaching and cooperation with employers\/public administration in education.<\/strong><\/p>\n<p>The key activities of the project were mentoring and consulting of teaching staff, establishment of centres of practice at cooperating schools \u2013 implementation of follow-up business workshops, career weeks and students\u2019 professional internships in companies and public administration. A separate activity for students of vocational schools was the implementation of student mini-enterprises.<\/p>\n<p><strong>Conclusions of the project:<\/strong><\/p>\n<p>The key activities followed each other. As part of the workshops, pupils worked on their own business plans in teams and the most successful ones took part in career weeks. Career weeks focused on the pupils\u2019 personal and professional development. There were also entrepreneurs, who then addressed the pupils with an offer of professional internship. The placement of the internship enabled the students to gain work experience and get an idea of the real working environment and requirements for the pupil in practice.<\/p>\n<p><strong>Project team:\u00a0<\/strong>Libor Pacovsk\u00fd, V\u00edt\u011bzslav Mal\u00fd, Luk\u00e1\u0161 Policar<\/p>\n<p><strong>In collaboration with:\u00a0<\/strong>Jules and Jim, z. \u00fa.<\/p>\n","protected":false},"featured_media":0,"template":"","kategorie_projekt":[25],"class_list":["post-1058","projekty","type-projekty","status-publish","hentry","kategorie_projekt-education-and-social-policy"],"acf":[],"_links":{"self":[{"href":"https:\/\/www.ireas.cz\/en\/wp-json\/wp\/v2\/projekty\/1058","targetHints":{"allow":["GET"]}}],"collection":[{"href":"https:\/\/www.ireas.cz\/en\/wp-json\/wp\/v2\/projekty"}],"about":[{"href":"https:\/\/www.ireas.cz\/en\/wp-json\/wp\/v2\/types\/projekty"}],"wp:attachment":[{"href":"https:\/\/www.ireas.cz\/en\/wp-json\/wp\/v2\/media?parent=1058"}],"wp:term":[{"taxonomy":"kategorie_projekt","embeddable":true,"href":"https:\/\/www.ireas.cz\/en\/wp-json\/wp\/v2\/kategorie_projekt?post=1058"}],"curies":[{"name":"wp","href":"https:\/\/api.w.org\/{rel}","templated":true}]}}

<p><strong>The project Practical Teaching – Focus on Development of Pupils’ Competencies focused on the integration and strengthening of forms of practical teaching of pupils at cooperating secondary schools. The aim of the project was to develop key and professional competences, entrepreneurial literacy as well as pupils’ personal and social development of by supporting practical teaching and cooperation with employers/public administration in education.</strong></p>
<p>The key activities of the project were mentoring and consulting of teaching staff, establishment of centres of practice at cooperating schools – implementation of follow-up business workshops, career weeks and students’ professional internships in companies and public administration. A separate activity for students of vocational schools was the implementation of student mini-enterprises.</p>
<p><strong>Conclusions of the project:</strong></p>
<p>The key activities followed each other. As part of the workshops, pupils worked on their own business plans in teams and the most successful ones took part in career weeks. Career weeks focused on the pupils’ personal and professional development. There were also entrepreneurs, who then addressed the pupils with an offer of professional internship. The placement of the internship enabled the students to gain work experience and get an idea of the real working environment and requirements for the pupil in practice.</p>
<p><strong>Project team: </strong>Libor Pacovský, Vítězslav Malý, Lukáš Policar</p>
<p><strong>In collaboration with: </strong>Jules and Jim, z. ú.</p>
